{"id":27,"date":"2020-03-20T09:18:03","date_gmt":"2020-03-20T09:18:03","guid":{"rendered":"http:\/\/abprodukt.hr\/?page_id=27"},"modified":"2025-12-10T10:46:24","modified_gmt":"2025-12-10T09:46:24","slug":"kontakt","status":"publish","type":"page","link":"http:\/\/abprodukt.hr\/index.php\/kontakt\/","title":{"rendered":"Kontakt"},"content":{"rendered":"<div class=\"style-273 style-local-27-c1 position-relative\" data-colibri-id=\"27-c1\">\n<div id=\"initial-content\" class=\"h-section h-section-global-spacing d-flex align-items-lg-center align-items-md-center align-items-center style-274 style-local-27-c2 position-relative\" data-colibri-component=\"section\" data-colibri-id=\"27-c2\">\n<div class=\"h-section-grid-container h-section-boxed-container\">\n<div class=\"h-row-container gutters-row-lg-2 gutters-row-md-2 gutters-row-0 gutters-row-v-lg-2 gutters-row-v-md-2 gutters-row-v-2 style-275 style-local-27-c3 position-relative\" data-colibri-id=\"27-c3\">\n<div class=\"h-row justify-content-lg-center justify-content-md-center justify-content-center align-items-lg-stretch align-items-md-stretch align-items-stretch gutters-col-lg-2 gutters-col-md-2 gutters-col-0 gutters-col-v-lg-2 gutters-col-v-md-2 gutters-col-v-2\">\n<div class=\"h-column h-column-container d-flex h-col-lg-auto h-col-md-auto h-col-auto style-276-outer style-local-27-c4-outer\">\n<div class=\"d-flex h-flex-basis h-column__inner h-px-lg-2 h-px-md-2 h-px-2 v-inner-lg-2 v-inner-md-2 v-inner-2 style-276 style-local-27-c4 position-relative\" data-colibri-id=\"27-c4\">\n<div class=\"w-100 h-y-container h-column__content h-column__v-align flex-basis-100 align-self-lg-start align-self-md-start align-self-start\">\n<div class=\"style-277 style-local-27-c5 position-relative h-element\" data-colibri-id=\"27-c5\">\n<div>\u00a0<\/div>\n<\/div>\n<\/div>\n<\/div>\n<\/div>\n<\/div>\n<\/div>\n<\/div>\n<\/div>\n<\/div>\n\n\n<div class=\"wp-block-columns is-layout-flex wp-container-core-columns-is-layout-1 wp-block-columns-is-layout-flex\">\n<div class=\"wp-block-column is-layout-flow wp-block-column-is-layout-flow\">\n<p><strong>Direktor:<\/strong><\/p>\n\n\n\n<p><strong>Marin Stepi\u0107<\/strong> <br><strong>e-mail:\u00a0<a href=\"mailto:nikola.rogoz@abprodukt.hr\">marin.stepic@<\/a><a href=\"mailto:vitomir.vukovic@abprodukt.hr\">abprodukt.hr<\/a><\/strong><\/p>\n<\/div>\n\n\n\n<div class=\"wp-block-column is-layout-flow wp-block-column-is-layout-flow\">\n<p><strong>Tehni\u010dki direktor:<\/strong><\/p>\n\n\n\n<p><strong>Zdravko Ujdenica<\/strong> <br><strong>e-mail:&nbsp;<a href=\"mailto:zdravko.ujdenica@abprodukt.hr\">zdravko.ujdenica@abprodukt.hr<\/a><\/strong><\/p>\n<\/div>\n<\/div>\n\n\n\n<div class=\"wp-block-columns is-layout-flex wp-container-core-columns-is-layout-2 wp-block-columns-is-layout-flex\">\n<div class=\"wp-block-column is-layout-flow wp-block-column-is-layout-flow\">\n<p><strong>Savjetnik uprave:<\/strong><\/p>\n\n\n\n<p><strong>Mladen Hrvat<\/strong>  <br><strong>e-mail:&nbsp;<a href=\"mailto:mladen.hrvat@abprodukt.hr\">mladen.hrvat@abprodukt.hr<\/a><\/strong><\/p>\n<\/div>\n\n\n\n<div class=\"wp-block-column is-layout-flow wp-block-column-is-layout-flow\"><\/div>\n<\/div>\n\n\n\n<div class=\"wp-block-columns is-layout-flex wp-container-core-columns-is-layout-3 wp-block-columns-is-layout-flex\">\n<div class=\"wp-block-column is-layout-flow wp-block-column-is-layout-flow\">\n<p><strong><strong>Voditelj smjene:<\/strong><\/strong><\/p>\n\n\n\n<p><strong>Danijel Vrbani\u0107<\/strong><br><strong>e-mail:&nbsp;<\/strong><a href=\"mailto:vedran.hrvat@abprodukt.hr\">danijel.vrbanic@abprodukt.hr<\/a><\/p>\n<\/div>\n\n\n\n<div class=\"wp-block-column is-layout-flow wp-block-column-is-layout-flow\">\n<p><\/p>\n\n\n\n<p><br><\/p>\n<\/div>\n<\/div>\n\n\n\n<div class=\"wp-block-columns is-layout-flex wp-container-core-columns-is-layout-4 wp-block-columns-is-layout-flex\">\n<div class=\"wp-block-column is-layout-flow wp-block-column-is-layout-flow\">\n<p><strong>Voditelj smjene:<\/strong><\/p>\n\n\n\n<p><strong>Juraj Koreni\u0107<\/strong> <br><strong>e-mail:&nbsp;<a href=\"mailto:juraj.korenic@abprodukt.hr\">juraj.korenic@abprodukt.hr<\/a><\/strong><\/p>\n<\/div>\n\n\n\n<div class=\"wp-block-column is-layout-flow wp-block-column-is-layout-flow\">\n<p><strong>Komercijalista:<\/strong><\/p>\n\n\n\n<p><strong>Vedran Hrvat<\/strong>  <br><strong>e-mail:&nbsp;<a href=\"mailto:vedran.hrvat@abprodukt.hr\">vedran.hrvat@abprodukt.hr<\/a><\/strong><\/p>\n<\/div>\n<\/div>\n\n\n\n<div class=\"wp-block-columns is-layout-flex wp-container-core-columns-is-layout-5 wp-block-columns-is-layout-flex\">\n<div class=\"wp-block-column is-layout-flow wp-block-column-is-layout-flow\">\n<p> <strong>Tehnolog-konstruktor:<\/strong> <\/p>\n\n\n\n<p class=\"has-normal-font-size\"><strong>Marija Crni\u0107<\/strong> <br><strong>e-mail:\u00a0<\/strong> <a href=\"mailto:marija.perkovic@abprodukt.hr\">marija.crnic@abprodukt.hr<\/a><\/p>\n<\/div>\n\n\n\n<div class=\"wp-block-column is-layout-flow wp-block-column-is-layout-flow\">\n<p><strong>Tehnolog:<\/strong><\/p>\n\n\n\n<p><strong>Marko Stojkovi\u0107<\/strong>  <br><strong>e-mail:&nbsp;<a href=\"mailto:marko.stojkovic@abprodukt.hr\">marko.stojkovic@abprodukt.hr<\/a><\/strong><\/p>\n<\/div>\n<\/div>\n\n\n\n<div class=\"wp-block-columns is-layout-flex wp-container-core-columns-is-layout-6 wp-block-columns-is-layout-flex\">\n<div class=\"wp-block-column is-layout-flow wp-block-column-is-layout-flow\">\n<p><strong>\u200bFinancije i ra\u010dunovodstvo:<\/strong><\/p>\n\n\n\n<p><strong>Vesna Ujdenica<\/strong>  <br><strong>e-mail:&nbsp;<a href=\"mailto:vesna.ujdenica@abprodukt.hr\">vesna.ujdenica@abprodukt.hr<\/a><\/strong><\/p>\n<\/div>\n\n\n\n<div class=\"wp-block-column is-layout-flow wp-block-column-is-layout-flow\">\n<p><strong>Financije i ra\u010dunovodstvo:<\/strong><\/p>\n\n\n\n<p><strong>Ana Ribi\u010di\u0107<\/strong>  <br><strong>e-mail:&nbsp;<a href=\"mailto:ana.ribicic@abprodukt.hr\">ana.ribicic@abprodukt.hr<\/a><\/strong><\/p>\n<\/div>\n<\/div>\n\n\n\n<div class=\"wp-block-columns is-layout-flex wp-container-core-columns-is-layout-7 wp-block-columns-is-layout-flex\">\n<div class=\"wp-block-column is-layout-flow wp-block-column-is-layout-flow\">\n<p> <strong>Kadrovska:<\/strong> <\/p>\n\n\n\n<p><strong>Nata\u0161a Lisac<\/strong>  <br><strong>e-mail:&nbsp;<a href=\"mailto:natasa.lisac@abprodukt.hr\">natasa.lisac@abprodukt.hr<\/a><\/strong> <br><\/p>\n<\/div>\n\n\n\n<div class=\"wp-block-column is-layout-flow wp-block-column-is-layout-flow\">\n<p><strong>ZNR:<\/strong><\/p>\n\n\n\n<p><strong>Ivana Frketi\u0107<\/strong> <br><strong>e-mail:\u00a0<a href=\"mailto:ivana.lesar@abprodukt.hr\">zeljko.kralj@abprodukt.hr<\/a><\/strong> <br><\/p>\n<\/div>\n<\/div>\n\n\n\n<div class=\"wp-block-columns is-layout-flex wp-container-core-columns-is-layout-8 wp-block-columns-is-layout-flex\">\n<div class=\"wp-block-column is-layout-flow wp-block-column-is-layout-flow\">\n<p><strong>IT:<\/strong><\/p>\n\n\n\n<p><strong>Vedran Hrvat<br>e-mail:&nbsp;<a href=\"mailto:vedran.hrvat@abprodukt.hr\">vedran.hrvat@abprodukt.hr<\/a><\/strong><\/p>\n<\/div>\n\n\n\n<div class=\"wp-block-column is-layout-flow wp-block-column-is-layout-flow\"><\/div>\n<\/div>\n\n\n\n<hr class=\"wp-block-separator has-css-opacity\"\/>\n\n\n\n<h2 class=\"wp-block-heading\">Kako do nas<\/h2>\n\n\n\n<hr class=\"wp-block-separator has-css-opacity\"\/>\n\n\n<p><iframe loading=\"lazy\" src=\"https:\/\/www.google.com\/maps\/embed?pb=!1m14!1m8!1m3!1d11193.474429427391!2d15.5344776!3d45.4623781!3m2!1i1024!2i768!4f13.1!3m3!1m2!1s0x0%3A0x4ec9c697e80804e8!2sAB%20PRODUKT%20d.o.o.!5e0!3m2!1shr!2shr!4v1585140750290!5m2!1shr!2shr\" width=\"600\" height=\"450\" frameborder=\"0\" style=\"border:0;\" allowfullscreen=\"\" aria-hidden=\"false\" tabindex=\"0\"><\/iframe><\/p>\n\n\n\n<p><\/p>\n\n\n<\/p>","protected":false},"excerpt":{"rendered":"<p>\u00a0 Direktor: Marin Stepi\u0107 e-mail:\u00a0marin.stepic@abprodukt.hr Tehni\u010dki direktor: Zdravko Ujdenica e-mail:&nbsp;zdravko.ujdenica@abprodukt.hr Savjetnik uprave: Mladen Hrvat e-mail:&nbsp;mladen.hrvat@abprodukt.hr Voditelj smjene: Danijel Vrbani\u0107e-mail:&nbsp;danijel.vrbanic@abprodukt.hr Voditelj smjene: Juraj Koreni\u0107 e-mail:&nbsp;juraj.korenic@abprodukt.hr Komercijalista: Vedran Hrvat e-mail:&nbsp;vedran.hrvat@abprodukt.hr Tehnolog-konstruktor: Marija Crni\u0107 e-mail:\u00a0 marija.crnic@abprodukt.hr Tehnolog: Marko Stojkovi\u0107 e-mail:&nbsp;marko.stojkovic@abprodukt.hr \u200bFinancije i ra\u010dunovodstvo: Vesna Ujdenica e-mail:&nbsp;vesna.ujdenica@abprodukt.hr Financije i ra\u010dunovodstvo: Ana Ribi\u010di\u0107 e-mail:&nbsp;ana.ribicic@abprodukt.hr Kadrovska: Nata\u0161a Lisac e-mail:&nbsp;natasa.lisac@abprodukt.hr ZNR: Ivana [&hellip;]<\/p>\n","protected":false},"author":1,"featured_media":0,"parent":0,"menu_order":5,"comment_status":"closed","ping_status":"closed","template":"","meta":{"footnotes":""},"class_list":["post-27","page","type-page","status-publish","hentry"],"yoast_head":"<!-- This site is optimized with the Yoast SEO plugin v14.9 - https:\/\/yoast.com\/wordpress\/plugins\/seo\/ -->\n<title>Kontakt - AB PRODUKT d.o.o.<\/title>\n<meta name=\"robots\" content=\"index, follow, max-snippet:-1, max-image-preview:large, max-video-preview:-1\" \/>\n<link rel=\"canonical\" href=\"http:\/\/abprodukt.hr\/index.php\/kontakt\/\" \/>\n<meta property=\"og:locale\" content=\"en_US\" \/>\n<meta property=\"og:type\" content=\"article\" \/>\n<meta property=\"og:title\" content=\"Kontakt - AB PRODUKT d.o.o.\" \/>\n<meta property=\"og:description\" content=\"\u00a0 Direktor: Marin Stepi\u0107 e-mail:\u00a0marin.stepic@abprodukt.hr Tehni\u010dki direktor: Zdravko Ujdenica e-mail:&nbsp;zdravko.ujdenica@abprodukt.hr Savjetnik uprave: Mladen Hrvat e-mail:&nbsp;mladen.hrvat@abprodukt.hr Voditelj smjene: Danijel Vrbani\u0107e-mail:&nbsp;danijel.vrbanic@abprodukt.hr Voditelj smjene: Juraj Koreni\u0107 e-mail:&nbsp;juraj.korenic@abprodukt.hr Komercijalista: Vedran Hrvat e-mail:&nbsp;vedran.hrvat@abprodukt.hr Tehnolog-konstruktor: Marija Crni\u0107 e-mail:\u00a0 marija.crnic@abprodukt.hr Tehnolog: Marko Stojkovi\u0107 e-mail:&nbsp;marko.stojkovic@abprodukt.hr \u200bFinancije i ra\u010dunovodstvo: Vesna Ujdenica e-mail:&nbsp;vesna.ujdenica@abprodukt.hr Financije i ra\u010dunovodstvo: Ana Ribi\u010di\u0107 e-mail:&nbsp;ana.ribicic@abprodukt.hr Kadrovska: Nata\u0161a Lisac e-mail:&nbsp;natasa.lisac@abprodukt.hr ZNR: Ivana [&hellip;]\" \/>\n<meta property=\"og:url\" content=\"http:\/\/abprodukt.hr\/index.php\/kontakt\/\" \/>\n<meta property=\"og:site_name\" content=\"AB PRODUKT d.o.o.\" \/>\n<meta property=\"article:modified_time\" content=\"2025-12-10T09:46:24+00:00\" \/>\n<meta name=\"twitter:card\" content=\"summary_large_image\" \/>\n<script type=\"application\/ld+json\" class=\"yoast-schema-graph\">{\"@context\":\"https:\/\/schema.org\",\"@graph\":[{\"@type\":\"WebSite\",\"@id\":\"http:\/\/abprodukt.hr\/#website\",\"url\":\"http:\/\/abprodukt.hr\/\",\"name\":\"AB PRODUKT d.o.o.\",\"description\":\"za remont monta\\u017eu i servisiranje\",\"potentialAction\":[{\"@type\":\"SearchAction\",\"target\":\"http:\/\/abprodukt.hr\/?s={search_term_string}\",\"query-input\":\"required name=search_term_string\"}],\"inLanguage\":\"en-US\"},{\"@type\":\"WebPage\",\"@id\":\"http:\/\/abprodukt.hr\/index.php\/kontakt\/#webpage\",\"url\":\"http:\/\/abprodukt.hr\/index.php\/kontakt\/\",\"name\":\"Kontakt - AB PRODUKT d.o.o.\",\"isPartOf\":{\"@id\":\"http:\/\/abprodukt.hr\/#website\"},\"datePublished\":\"2020-03-20T09:18:03+00:00\",\"dateModified\":\"2025-12-10T09:46:24+00:00\",\"inLanguage\":\"en-US\",\"potentialAction\":[{\"@type\":\"ReadAction\",\"target\":[\"http:\/\/abprodukt.hr\/index.php\/kontakt\/\"]}]}]}<\/script>\n<!-- \/ Yoast SEO plugin. -->","_links":{"self":[{"href":"http:\/\/abprodukt.hr\/index.php\/wp-json\/wp\/v2\/pages\/27","targetHints":{"allow":["GET"]}}],"collection":[{"href":"http:\/\/abprodukt.hr\/index.php\/wp-json\/wp\/v2\/pages"}],"about":[{"href":"http:\/\/abprodukt.hr\/index.php\/wp-json\/wp\/v2\/types\/page"}],"author":[{"embeddable":true,"href":"http:\/\/abprodukt.hr\/index.php\/wp-json\/wp\/v2\/users\/1"}],"replies":[{"embeddable":true,"href":"http:\/\/abprodukt.hr\/index.php\/wp-json\/wp\/v2\/comments?post=27"}],"version-history":[{"count":19,"href":"http:\/\/abprodukt.hr\/index.php\/wp-json\/wp\/v2\/pages\/27\/revisions"}],"predecessor-version":[{"id":1251,"href":"http:\/\/abprodukt.hr\/index.php\/wp-json\/wp\/v2\/pages\/27\/revisions\/1251"}],"wp:attachment":[{"href":"http:\/\/abprodukt.hr\/index.php\/wp-json\/wp\/v2\/media?parent=27"}],"curies":[{"name":"wp","href":"https:\/\/api.w.org\/{rel}","templated":true}]}}